{"id":3972,"date":"2023-01-03T08:08:39","date_gmt":"2023-01-03T05:08:39","guid":{"rendered":"https:\/\/bioendustri.com\/?post_type=product&#038;p=3972"},"modified":"2024-08-09T19:43:05","modified_gmt":"2024-08-09T16:43:05","slug":"cam-kapakli-tekli-gomme-ocakli-evye-fsm-3401","status":"publish","type":"product","link":"https:\/\/bioendustri.com\/index.php\/product\/cam-kapakli-tekli-gomme-ocakli-evye-fsm-3401\/","title":{"rendered":"Cam Kapakl\u0131 Tekli G\u00f6mme Ocakl\u0131 Evye &#8211; FSM 3401"},"content":{"rendered":"<p>Cam Kapakl\u0131 \u00c7iftli G\u00f6mme Ocakl\u0131 Evye &#8211; FSM 3401<\/p>\n<p>\u00c7ift g\u00f6zl\u00fc gazl\u0131 ocak. Paslanmaz \u00e7elik Evye, Cam Kapakl\u0131<\/p>\n<p>&nbsp;<\/p>\n<p>\u00d6zellikler<\/p>\n<p>\u00dcr\u00fcn Tipi\u00a0\u00a0\u00a0\u00a0\u00a0\u00a0\u00a0\u00a0\u00a0\u00a0\u00a0\u00a0 Ocak<\/p>\n<p>Ocak G\u00f6z\u00fc\u00a0\u00a0\u00a0\u00a0\u00a0\u00a0\u00a0\u00a0\u00a0 2 G\u00f6z<\/p>\n<p>Ebat\u00a0 \u00a0 \u00a0 \u00a0 \u00a0 \u00a0 \u00a0 \u00a0 \u00a0 \u00a0 \u00a0 x\u00a0 \u00a0mm<\/p>\n<p>\u00c7al\u0131\u015fma \u015eekli\u00a0\u00a0\u00a0\u00a0\u00a0 Gaz<\/p>\n<p>Malzeme\u00a0\u00a0\u00a0\u00a0\u00a0\u00a0\u00a0\u00a0\u00a0\u00a0\u00a0\u00a0 Paslanmaz \u00c7elik<\/p>\n<p>Kullan\u0131m\u00a0 \u00a0 \u00a0 \u00a0 \u00a0 \u00a0 \u00a0Sabit<\/p>\n<p>Model\u00a0\u00a0 \u00a0\u00a0\u00a0\u00a0\u00a0\u00a0\u00a0\u00a0\u00a0\u00a0\u00a0\u00a0\u00a0\u00a0FSM-3401<\/p>\n<p>Evyeli mi?\u00a0\u00a0\u00a0\u00a0\u00a0\u00a0\u00a0\u00a0\u00a0Evet<\/p>\n<p>Tip\u00a0 \u00a0 \u00a0 \u00a0 \u00a0 \u00a0 \u00a0 \u00a0 \u00a0 \u00a0 \u00a0 \u00a0G\u00f6mme<\/p>\n<p>\u00dcst Kapak\u00a0\u00a0\u00a0\u00a0\u00a0\u00a0\u00a0\u00a0\u00a0\u00a0 Cam<\/p>\n","protected":false},"excerpt":{"rendered":"<p>Cam Kapakl\u0131 Tekli G\u00f6mme Ocakl\u0131 Evye &#8211; FSM 3401<\/p>\n","protected":false},"featured_media":3973,"comment_status":"open","ping_status":"closed","template":"","meta":{"spay_email":"","_joinchat":[]},"product_cat":[145],"product_tag":[153,150,152,154,149,146,147,148],"class_list":["post-3972","product","type-product","status-publish","has-post-thumbnail","hentry","product_cat-ocakevye","product_tag-cift","product_tag-evye","product_tag-ikili","product_tag-kapakli","product_tag-karavan","product_tag-ocak","product_tag-tekli","product_tag-yat"],"_links":{"self":[{"href":"https:\/\/bioendustri.com\/index.php\/wp-json\/wp\/v2\/product\/3972","targetHints":{"allow":["GET"]}}],"collection":[{"href":"https:\/\/bioendustri.com\/index.php\/wp-json\/wp\/v2\/product"}],"about":[{"href":"https:\/\/bioendustri.com\/index.php\/wp-json\/wp\/v2\/types\/product"}],"replies":[{"embeddable":true,"href":"https:\/\/bioendustri.com\/index.php\/wp-json\/wp\/v2\/comments?post=3972"}],"wp:featuredmedia":[{"embeddable":true,"href":"https:\/\/bioendustri.com\/index.php\/wp-json\/wp\/v2\/media\/3973"}],"wp:attachment":[{"href":"https:\/\/bioendustri.com\/index.php\/wp-json\/wp\/v2\/media?parent=3972"}],"wp:term":[{"taxonomy":"product_cat","embeddable":true,"href":"https:\/\/bioendustri.com\/index.php\/wp-json\/wp\/v2\/product_cat?post=3972"},{"taxonomy":"product_tag","embeddable":true,"href":"https:\/\/bioendustri.com\/index.php\/wp-json\/wp\/v2\/product_tag?post=3972"}],"curies":[{"name":"wp","href":"https:\/\/api.w.org\/{rel}","templated":true}]}}